et u(d) = d**2 + 6*d + 6. What is u(j)?
22
Let m(f) = -2*f + 1. Suppose 13 - 18 = -y. Suppose y*a - 3*n = -1, 3*a + 0*n - 3*n - 3 = 0. Give m(a).
5
Let a(n) = -2*n + 4. Let p = -108 - -117. Calculate a(p).
-14
Let l(s) be the first derivative of 2*s**3/3 + s**2 - 2*s - 1581. Let h = -5 - -1. Determine l(h).
22
Suppose -3*a + 0*a + 3*l + 15 = 0, -5*a = -3*l - 19. Let s(o) = 2*o - 1 - 2 + 2*o**2 + 0*o**3 - o**3. Give s(a).
1
Let k(y) be the first derivative of 2*y**4 - y**3/3 - y**2/2 + y + 12. Determine k(1).
7
Let u(x) = 3*x**3 - 4*x**3 + 3*x**3 + 0*x**3 + 4*x**3 + x. Determine u(1).
7
Suppose 3*p + 4*z + 12 = -15, -3*p - 27 = -2*z. Let r be (-29)/p + 4/(-18). Let c(x) = x**2 - x**r + 13*x + 2*x**3 + 3 - 11*x. Calculate c(-2).
-5
Let v(j) be the first derivative of 0*j + 1/2*j**2 + 16. Let o(d) = -d + 1. Let m be o(-4). Calculate v(m).
5
Let m(f) = 4*f - 4. Let n(k) = -12*k + 12. Let q(a) = -8*m(a) - 3*n(a). Suppose -11 = -9*y + 43. Determine q(y).
20
Let k = -6 - -1. Let j(w) = -5*w**2 - 7*w + 3. Let d(o) = 9*o**2 + 13*o - 5. Let l be 2*-1 + (5 - -4). Let r(p) = l*j(p) + 4*d(p). Determine r(k).
11
Let y(a) be the first derivative of -a**4/4 + 4*a**3/3 + a**2 - 3*a - 2. Suppose 12 = -6*f + 3*f. Let v be (-111)/(-39) - f/26 - -1. What is y(v)?
5
Let j be 12/5 + 3/5. Suppose 11 = -j*v - 1. Let i(p) = -p**3 - 2*p**2 + 6*p + 1. Give i(v).
9
Let w(g) = g**2 + 4. Let r be w(0). Let i(a) = -92 - 3*a + 85 + r*a. What is i(5)?
-2
Let c(g) = g**3 + 5*g**2 + 6*g. Suppose -5*s + 6 - 31 = 0, -26 = -2*n - 2*s. Suppose 0 = -4*h + 2 - n. What is c(h)?
-8
Suppose -25*z = 156 - 656. Let s(f) = -2*f**2 + 39*f + 20. Calculate s(z).
0
Let c(n) = -n**3 - 4*n**2 - n + 4. Let a(z) = -z**3 + z**2 + z - 3. Let o = 9 - 9. Let w be a(o). Determine c(w).
-2
Suppose -4*k = -8*k - 4. Let y(o) = -4*o**3 + 2*o**2 + 1. Let u(j) be the second derivative of j**5/20 - j**3/6 + 2*j. Let p(q) = 2*u(q) - y(q). Give p(k).
-7
Suppose -5*v = -2*j + 234, -5*j = -7*j + 2*v + 228. Suppose 109*o = j*o - 24. Let g(p) = p - 4. Calculate g(o).
4
Let k(g) = -3*g + 5*g + 17 - g + 11 - 31. Let y = -8 + 18. Calculate k(y).
7
Let v(n) be the third derivative of n**4/3 + 6*n**2. Let z(m) = m**2 - 5*m + 2. Let j be (20/3)/4*3. Let f be z(j). Calculate v(f).
16
Let l(b) = 8*b + 1. Suppose -3*z = -2*r - 25, 0 = 3*z + 4*r - 3 + 8. Let j be 4 + -5 + z + -3. Determine l(j).
9
Let l be (25/(-15))/(1/(-3)). Let g(j) = 5*j + 6. Determine g(l).
31
Let k = 9 + -7. Let q(w) = -k*w + 2*w + w**3 - 3*w + 6 + 2*w. What is q(0)?
6
Let p(l) = -2*l + 15. Suppose -106 = -6*r - 46. Calculate p(r).
-5
Let f be (-3 + -1 + 5)*2. Let c(m) = 0 + m**f + 3 - 77*m + 72*m. Calculate c(3).
-3
Suppose -5*i = -49*i - 88. Let z(h) = -10*h - 1. Determine z(i).
19
Let v(o) = -8*o**2 + 14*o. Let s(f) = 7*f**2 - 13*f + 1. Let p(a) = -7*s(a) - 6*v(a). Determine p(6).
-1
Suppose 0 = 7*o - 2*o - 10. Let q be (-3)/9 + o/(-3). Let h(c) = -2457 + 2457 - 7*c. What is h(q)?
7
Let i(j) = j**3 + 6*j - 6 + 5*j + 14*j + 8*j**2 + 10*j - 32*j. Determine i(-8).
-30
Let t(k) = -k**3 - 2*k**2 + k + 2. Let n be -10 + (7/1)/1. Calculate t(n).
8
Let a(u) = -3*u + 85. Let t be a(28). Let i(z) = -19*z + 1. What is i(t)?
-18
Let y be ((-1)/4)/(2/(-32)). Let l(j) = -4*j**2 - 6*j - 3. Let a(o) = -11*o**2 - 18*o - 8. Let t(n) = -6*a(n) + 17*l(n). What is t(y)?
-11
Let g(a) = 2*a - 15. Let t be 7/((-7 - -8) + 0/(-1)). What is g(t)?
-1
Let t(x) be the third derivative of -x**6/120 - x**5/60 + x**4/24 + x**3/3 - 32*x**2 + 3*x. Suppose -k - 4*k = 0. Determine t(k).
2
Suppose 2*m + f = -8, m + 4*f = -4*m - 23. Let h(j) be the third derivative of j**5/60 + j**4/8 - j**3/6 + 31*j**2. Calculate h(m).
-1
Let w(h) be the third derivative of h**4/12 - 8*h**3/3 + 14*h**2 - 3. What is w(0)?
-16
Suppose 12 + 0 = -4*z. Let a be (-2)/((3/4)/z). Let t(w) = a + 9*w + 0*w**2 + w**2 - w. What is t(-7)?
1
Let f(t) = t - 3. Let v(w) = -w**2 - 14*w - 4. Let q(r) = -3*f(r) - v(r). Determine q(-10).
3
Let g(d) = -9*d**3 - d**2 - 7*d - 3. Let r(b) = -2*b**3 + b**2 - b. Let o(z) = g(z) - 4*r(z). Give o(-3).
-12
Let d(r) = 6*r**3 + r. Let q be d(-1). Let h(o) = -o**2 + 9. Let f be h(q). Let n be (24/32)/((-6)/f). Let t(x) = x**2 - 3*x - 3. Give t(n).
7
Let p(a) = a - 1. Let g(c) = 5*c - 4. Let i(f) = g(f) - 4*p(f). Suppose 0 = -l + 5. Let j(b) = 6*b. Let t(w) = l*i(w) - j(w). Calculate t(1).
-1
Let u(r) = r**2 - 5*r - 6. Let b = 23 + -31. Let n be (-9)/12 - 6/b. Let t be (-160)/(-20) - (2 + n). Calculate u(t).
0
Let d(m) = -5*m**2 + 3*m + 4 + 2*m**2 + 2*m**2 - 4*m. Give d(3).
-8
Let b(f) = f**2 + 5*f - 2. Let q be -18*(-1)/(1 - -1). Let p(i) = i**3 - i**2 + 8*i - 36. Let s be p(3). Suppose -12 = -s*l + q*l. Calculate b(l).
-6
Let l(t) = -2*t**2 + 6*t. Let h(s) = -11*s**2 + 40*s - 15. Let z(y) = h(y) - 6*l(y). Determine z(-8).
17
Suppose -3*f - 4*w = -47, -11*w - 28 = -2*f - 13*w. Let a(n) = n**2 - 9*n + 9. Give a(f).
9
Let p = 14 + 1. Suppose 4*l - 2 + 27 = g, -2*l = -g + 17. Let j = g - p. Let i(c) = c**3 + 5*c**2 - 3*c + 4. Calculate i(j).
-14
Let g(v) = -v - 2. Let a be g(-6). Let s = a + -9. Let d(h) = -2*h - 7. Determine d(s).
3
Let z(p) be the first derivative of 2*p**3/3 + 5*p**2 - 3*p - 712. Give z(-6).
9
Let a be (6 - 396/77)/(6/21). Let p(b) = -2*b + 1. Give p(a).
-5
Let v(l) = -l**2 + l - 3. Let m(w) = w**3 + 2*w**2 + 3*w + 9. Let c be m(-2). Give v(c).
-9
Let l(z) be the third derivative of 0*z + 0 + 3*z**2 + 1/24*z**4 - z**3. Suppose 3*o = 9, -2*d - 5*o + 27 = -0*o. What is l(d)?
0
Let y(d) = d**3 - 5*d**2 - 5*d - 4. Let h(a) = -5*a + 30. Let j be h(5). Let q be (4/(-3))/(6/45). Let i be q/(-2) - (-5)/j. Determine y(i).
2
Let r = -5 + 6. Let s = r - -5. Let o(q) be the third derivative of -q**5/60 + 5*q**4/24 + q**3 + 22*q**2. What is o(s)?
0
Let m be 4/8*2/(-1). Let d be (m + -2)*(-2 - -1). Suppose 0 = d*z + 2*a - 5, 3*z - 11 = 2*a - a. Let q(c) = c**3 - 4*c**2 + 3*c. Give q(z).
0
Let f(v) = v**3 + 5*v**2 + 8*v + 8. Let u(q) = q**2 - q - 1. Let y(s) = s + 7 + 0*s - 3*s + 1. Let d be y(3). Let w(g) = d*u(g) + f(g). Give w(-6).
6
Let d(b) = 33*b - 8. Let h(v) = -v + 2. Let w(y) = -d(y) - 5*h(y). Give w(-1).
26
Let z(p) = 5*p**2 + 15*p - 7. Let t(v) = 2*v**2 + v. Let r(q) = -3*t(q) + z(q). What is r(11)?
4
Suppose 19 = 4*q + 7. Suppose k + 38 = 6*k + 4*v, k = -q*v + 1. Let a be ((-12)/k)/((-6)/(-20)). Let i(z) = -z**3 - 2*z**2 + 5*z - 3. Determine i(a).
9
Let z(m) = m + 17. Let p = 32 + -14. Suppose 62 = -8*t - p. Give z(t).
7
Let r(a) = 6*a**2 + 11*a - 23. Let s(i) = -i**2 + 2*i. Let t(g) = r(g) + 5*s(g). Calculate t(-22).
-1
Let n be (-112)/(-18) - (-2)/(-9). Let h(l) = 9*l**2 + 1. Let x be h(-1). Let w(o) = -12 - x + 2*o + 18. Give w(n).
8
Suppose 5*l + 5*d = 0, 3*d = 2*l + 8*d - 12. Let t(c) = c**3 - 9*c**2 + 8*c + 7. Let x be t(8). Let i = l + x. Let r(p) = p**3 - 3*p**2 - 2. Give r(i).
-2
Let c(k) be the first derivative of -k**3/3 + 5*k**2/2 + 7*k + 135. Calculate c(5).
7
Let w(z) = z + 5. Let b be w(5). Let x(p) = -b + 3*p - p - 3*p. What is x(-8)?
-2
Suppose -g - 6 = -4*g. Suppose -k - g*k = 5*f + 17, 5*k + f = 1. Let c(v) be the second derivative of -v**3/2 + v**2/2 + 4*v. Give c(k).
-2
Let g(i) = 3*i**2 + i + 1. Let v be 1479/119 + 4/7. Suppose -j + 4*c - 9 = 0, 0*j - 5*j + 4*c = v. What is g(j)?
3
Let o(a) = -a**3 + 7*a**2 - a + 7. Let c be o(7). Suppose -3*q - 15 = c, -4*i - i - 3*q - 85 = 0. Let r = -8 - i. Let h(n) = -n**2 + 5*n + 8. What is h(r)?
2
Let x(t) = -t**3 + 3*t + 2. Let i be x(-2). Suppose 0*f - 27 = -3*l + 4*f, 23 = i*l - f. Let v(a) = -a**3 + 5*a**2 + a + 4. Calculate v(l).
9
Let x(q) = -13*q**3 + 14*q**2 - 9*q - 19. Let k(f) = -7*f**3 + 7*f**2 - 4*f - 10. Let l(z) = -11*k(z) + 6*x(z). Determine l(5).
-4
Let z(u) be the third derivative of u**5/60 + u**4/24 - u**3/2 - 5*u**2. Let f = 0 + 6. Let k = f + -6. Give z(k).
-3
Let k(d) be the second derivative of 1/12*d**4 + 0 + 8*d - 7/2*d**2 + 1/2*d**3. Give k(-5).
3
Let d = 4 + -5. Let s(r) be the third derivative of -5*r**4/24 + r**3/6 + 77*r**2. Give s(d).
6
Let r = 58 + -56. Let w(z) = 8*z**r - 7 - z**3 + 2*z**3 - 6*z + 5*z + 0*z**3. Determine w(-8).
1
Let o be ((-1540)/(-24))/7 + 8/(-48). Let t(f) = -f**2 + 10*f - 13. What is t(o)?
-4
Let x(o) = 5*o**2 + 28*o - 37. Let q(w) = -w**2 - 7*w + 9. Le